{"id":375,"date":"2024-07-18T16:46:36","date_gmt":"2024-07-18T14:46:36","guid":{"rendered":"https:\/\/lernpartnerboerse.hoc.kit.edu\/?page_id=375"},"modified":"2024-07-26T11:36:21","modified_gmt":"2024-07-26T09:36:21","slug":"faq","status":"publish","type":"page","link":"https:\/\/lernpartnerboerse.hoc.kit.edu\/?page_id=375","title":{"rendered":"FAQ"},"content":{"rendered":"\n<p><strong>Wie erstelle ich eine Anzeige?<\/strong><\/p>\n\n\n\n<p>Klicken Sie im Header-Bereich auf \u201e+ Anzeige erstellen\u201c. Sollten Sie bisher keine Anzeige erstellt haben, m\u00fcssen sie sich mit einem beliebigen Benutzernamen und einer g\u00fcltigen E-Mail-Adresse registrieren.<\/p>\n\n\n\n<div style=\"height:50px\" aria-hidden=\"true\" class=\"wp-block-spacer\"><\/div>\n\n\n\n<p><strong>Wie antworte ich auf eine Anzeige?<\/strong><\/p>\n\n\n\n<p>Um auf eine Anzeige zu antworten, m\u00fcssen Sie sich einmalig registrieren (vgl. \u201eWie erstelle ich eine Anzeige?\u201c)<\/p>\n\n\n\n<div style=\"height:50px\" aria-hidden=\"true\" class=\"wp-block-spacer\"><\/div>\n\n\n\n<p><strong>Wo werden die Antworten auf meine Anzeige angezeigt und wie antworte ich selbst?<\/strong><\/p>\n\n\n\n<p>Antworten auf Anzeigen werden in ihrem Profil unter \u201eNachrichten\u201c angezeigt (sie erhalten eine E-Mail sobald eine Nachricht vorliegt), hier k\u00f6nnen Sie ebenfalls auf Nachrichten antworten.<\/p>\n\n\n\n<p class=\"has-vivid-red-color has-text-color has-link-color wp-elements-891c4ce8a51599ec22020267980f1536\"><strong>Beachten sie bitte, dass Nachrichten nach 21 Tagen automatisch gel\u00f6scht werden!<\/strong><\/p>\n\n\n\n<div style=\"height:50px\" aria-hidden=\"true\" class=\"wp-block-spacer\"><\/div>\n\n\n\n<p><strong>Kann ich meine Anzeige(n) nachtr\u00e4glich bearbeiten oder l\u00f6schen?<\/strong><\/p>\n\n\n\n<p>Ja, Sie finden innerhalb Ihres Profils unter \u201eAnzeigen\u201c alle von Ihnen erstellten Eintr\u00e4ge. Sie k\u00f6nnen diese jederzeit bearbeiten oder l\u00f6schen.<\/p>\n\n\n\n<div style=\"height:50px\" aria-hidden=\"true\" class=\"wp-block-spacer\"><\/div>\n\n\n\n<p><strong>Wie lange ist meine Anzeige aktiv?<\/strong><\/p>\n\n\n\n<p>Sofern Sie ihre Anzeige nicht selbst l\u00f6schen, wird diese nach 90 Tagen automatisch gel\u00f6scht!<\/p>\n\n\n\n<div style=\"height:50px\" aria-hidden=\"true\" class=\"wp-block-spacer\"><\/div>\n\n\n\n<p><strong>Wie l\u00f6sche ich mein Konto?<\/strong><\/p>\n\n\n\n<p>Gehen Sie in ihrem Profil auf \u201eEinstellungen\u201c. Hier finden Sie Option \u201eKonto l\u00f6schen\u201c. Mit dem l\u00f6schen des Kontos werden auch alle Ihre Anzeigen gel\u00f6scht!<\/p>\n\n\n\n<p><\/p>\n","protected":false},"excerpt":{"rendered":"<p>Wie erstelle ich eine Anzeige? Klicken Sie im Header-Bereich auf \u201e+ Anzeige erstellen\u201c. Sollten Sie bisher keine Anzeige erstellt haben, m\u00fcssen sie sich mit einem beliebigen Benutzernamen und einer g\u00fcltigen E-Mail-Adresse registrieren. Wie antworte ich auf eine Anzeige? Um auf eine Anzeige zu antworten, m\u00fcssen Sie sich einmalig registrieren (vgl. \u201eWie erstelle ich eine Anzeige?\u201c) [&hellip;]<\/p>\n","protected":false},"author":1,"featured_media":0,"parent":0,"menu_order":0,"comment_status":"closed","ping_status":"closed","template":"","meta":{"footnotes":""},"class_list":["post-375","page","type-page","status-publish","hentry"],"_links":{"self":[{"href":"https:\/\/lernpartnerboerse.hoc.kit.edu\/index.php?rest_route=\/wp\/v2\/pages\/375","targetHints":{"allow":["GET"]}}],"collection":[{"href":"https:\/\/lernpartnerboerse.hoc.kit.edu\/index.php?rest_route=\/wp\/v2\/pages"}],"about":[{"href":"https:\/\/lernpartnerboerse.hoc.kit.edu\/index.php?rest_route=\/wp\/v2\/types\/page"}],"author":[{"embeddable":true,"href":"https:\/\/lernpartnerboerse.hoc.kit.edu\/index.php?rest_route=\/wp\/v2\/users\/1"}],"replies":[{"embeddable":true,"href":"https:\/\/lernpartnerboerse.hoc.kit.edu\/index.php?rest_route=%2Fwp%2Fv2%2Fcomments&post=375"}],"version-history":[{"count":17,"href":"https:\/\/lernpartnerboerse.hoc.kit.edu\/index.php?rest_route=\/wp\/v2\/pages\/375\/revisions"}],"predecessor-version":[{"id":430,"href":"https:\/\/lernpartnerboerse.hoc.kit.edu\/index.php?rest_route=\/wp\/v2\/pages\/375\/revisions\/430"}],"wp:attachment":[{"href":"https:\/\/lernpartnerboerse.hoc.kit.edu\/index.php?rest_route=%2Fwp%2Fv2%2Fmedia&parent=375"}],"curies":[{"name":"wp","href":"https:\/\/api.w.org\/{rel}","templated":true}]}}